{"id":5032,"date":"2025-10-23T20:41:27","date_gmt":"2025-10-24T02:41:27","guid":{"rendered":"https:\/\/www.fmcomunicaciones.com\/eventos\/?page_id=5032"},"modified":"2025-11-05T23:32:47","modified_gmt":"2025-11-06T06:32:47","slug":"1er-congreso-internacional-de-enfermeria","status":"publish","type":"page","link":"https:\/\/www.fmcomunicaciones.com\/eventos\/1er-congreso-internacional-de-enfermeria\/","title":{"rendered":"1er. Congreso Internacional de Enfermer\u00eda"},"content":{"rendered":"\t\t<div data-elementor-type=\"wp-page\" data-elementor-id=\"5032\" class=\"elementor elementor-5032\" data-elementor-post-type=\"page\">\n\t\t\t\t<div class=\"elementor-element elementor-element-403450e e-flex e-con-boxed e-con e-parent\" data-id=\"403450e\" data-element_type=\"container\" data-e-type=\"container\" data-settings=\"{&quot;background_background&quot;:&quot;classic&quot;}\">\n\t\t\t\t\t<div class=\"e-con-inner\">\n\t\t\t\t<div class=\"elementor-element elementor-element-6622d62 elementor-widget elementor-widget-image\" data-id=\"6622d62\" data-element_type=\"widget\" data-e-type=\"widget\" data-widget_type=\"image.default\">\n\t\t\t\t<div class=\"elementor-widget-container\">\n\t\t\t\t\t\t\t\t\t\t\t\t\t\t\t<img fetchpriority=\"high\" decoding=\"async\" width=\"1920\" height=\"731\" src=\"https:\/\/www.fmcomunicaciones.com\/eventos\/wp-content\/uploads\/2025\/10\/Top_ticket.png\" class=\"attachment-full size-full wp-image-5083\" alt=\"\" srcset=\"https:\/\/www.fmcomunicaciones.com\/eventos\/wp-content\/uploads\/2025\/10\/Top_ticket.png 1920w, https:\/\/www.fmcomunicaciones.com\/eventos\/wp-content\/uploads\/2025\/10\/Top_ticket-300x114.png 300w, https:\/\/www.fmcomunicaciones.com\/eventos\/wp-content\/uploads\/2025\/10\/Top_ticket-1024x390.png 1024w, https:\/\/www.fmcomunicaciones.com\/eventos\/wp-content\/uploads\/2025\/10\/Top_ticket-768x292.png 768w, https:\/\/www.fmcomunicaciones.com\/eventos\/wp-content\/uploads\/2025\/10\/Top_ticket-1536x585.png 1536w\" sizes=\"(max-width: 1920px) 100vw, 1920px\" \/>\t\t\t\t\t\t\t\t\t\t\t\t\t\t\t<\/div>\n\t\t\t\t<\/div>\n\t\t\t\t\t<\/div>\n\t\t\t\t<\/div>\n\t\t<div class=\"elementor-element elementor-element-dce4354 e-flex e-con-boxed e-con e-parent\" data-id=\"dce4354\" data-element_type=\"container\" data-e-type=\"container\" data-settings=\"{&quot;background_background&quot;:&quot;classic&quot;}\">\n\t\t\t\t\t<div class=\"e-con-inner\">\n\t\t\t\t<div class=\"elementor-element elementor-element-9b9b209 elementor-widget elementor-widget-heading\" data-id=\"9b9b209\" data-element_type=\"widget\" data-e-type=\"widget\" data-widget_type=\"heading.default\">\n\t\t\t\t<div class=\"elementor-widget-container\">\n\t\t\t\t\t<h2 class=\"elementor-heading-title elementor-size-default\">Informes y ventas<\/h2>\t\t\t\t<\/div>\n\t\t\t\t<\/div>\n\t\t<div class=\"elementor-element elementor-element-11c8597 e-con-full e-flex e-con e-child\" data-id=\"11c8597\" data-element_type=\"container\" data-e-type=\"container\">\n\t\t<div class=\"elementor-element elementor-element-465fdde e-con-full e-flex e-con e-child\" data-id=\"465fdde\" data-element_type=\"container\" data-e-type=\"container\">\n\t\t\t\t<div class=\"elementor-element elementor-element-834b9db elementor-widget elementor-widget-text-editor\" data-id=\"834b9db\" data-element_type=\"widget\" data-e-type=\"widget\" data-widget_type=\"text-editor.default\">\n\t\t\t\t<div class=\"elementor-widget-container\">\n\t\t\t\t\t\t\t\t\t<h5><strong>F\u00e9lix Gerardo Buichia Sombra<\/strong><br \/><span style=\"color: #00ffff;\"><a style=\"color: #00ffff;\" href=\"mailto:buichiasombraf@uas.edu.mx\">buichiasombraf@uas.edu.mx<\/a><\/span><br \/>668 125 9610<\/h5>\t\t\t\t\t\t\t\t<\/div>\n\t\t\t\t<\/div>\n\t\t\t\t<\/div>\n\t\t<div class=\"elementor-element elementor-element-1d28a29 e-con-full e-flex e-con e-child\" data-id=\"1d28a29\" data-element_type=\"container\" data-e-type=\"container\">\n\t\t\t\t<div class=\"elementor-element elementor-element-0e25924 elementor-widget elementor-widget-text-editor\" data-id=\"0e25924\" data-element_type=\"widget\" data-e-type=\"widget\" data-widget_type=\"text-editor.default\">\n\t\t\t\t<div class=\"elementor-widget-container\">\n\t\t\t\t\t\t\t\t\t<h5>Dr. Gregorio Cota Valenzuela<br \/><span style=\"color: #00ffff;\"><a style=\"color: #00ffff;\" href=\"mailto:gregoriocota@uas.edu.mx\">gregoriocota@uas.edu.mx<\/a><\/span><br \/>668 187 2628<\/h5>\t\t\t\t\t\t\t\t<\/div>\n\t\t\t\t<\/div>\n\t\t\t\t<\/div>\n\t\t\t\t<\/div>\n\t\t\t\t\t<\/div>\n\t\t\t\t<\/div>\n\t\t<div class=\"elementor-element elementor-element-3008d8e e-flex e-con-boxed e-con e-parent\" data-id=\"3008d8e\" data-element_type=\"container\" data-e-type=\"container\" data-settings=\"{&quot;background_background&quot;:&quot;classic&quot;,&quot;shape_divider_bottom&quot;:&quot;triangle&quot;,&quot;shape_divider_bottom_negative&quot;:&quot;yes&quot;}\">\n\t\t\t\t\t<div class=\"e-con-inner\">\n\t\t\t\t<div class=\"elementor-shape elementor-shape-bottom\" aria-hidden=\"true\" data-negative=\"true\">\n\t\t\t<svg xmlns=\"http:\/\/www.w3.org\/2000\/svg\" viewBox=\"0 0 1000 100\" preserveAspectRatio=\"none\">\n\t<path class=\"elementor-shape-fill\" d=\"M500.2,94.7L0,0v100h1000V0L500.2,94.7z\"\/>\n<\/svg>\t\t<\/div>\n\t\t\t\t<div class=\"elementor-element elementor-element-7ca39f4 elementor-widget elementor-widget-heading\" data-id=\"7ca39f4\" data-element_type=\"widget\" data-e-type=\"widget\" data-widget_type=\"heading.default\">\n\t\t\t\t<div class=\"elementor-widget-container\">\n\t\t\t\t\t<h2 class=\"elementor-heading-title elementor-size-default\">REGISTRA TU BOLETO<\/h2>\t\t\t\t<\/div>\n\t\t\t\t<\/div>\n\t\t\t\t<div class=\"elementor-element elementor-element-8960b65 elementor-widget elementor-widget-text-editor\" data-id=\"8960b65\" data-element_type=\"widget\" data-e-type=\"widget\" data-widget_type=\"text-editor.default\">\n\t\t\t\t<div class=\"elementor-widget-container\">\n\t\t\t\t\t\t\t\t\t<p>                    <div class=\"tickera\">\r\n                                                    <div class=\"tc-event-table-wrap\">\r\n                                <table class=\"event_tickets tickera\">\r\n                                    <tr>\r\n                                                                                <th>Tipo de TIcket<\/th>\r\n                                                                                <th>Precio<\/th>\r\n                                                                                                                                <th>Cantidad<\/th>\r\n                                                                                                                        <th>Carrito<\/th>\r\n                                    <\/tr>\r\n                                                                                <tr>\r\n                                                                                        <td data-column=\"Ticket Type\">VIP 1er. Congreso Internacional de Enfermer\u00eda<\/td>\r\n                                                                                        <td data-column=\"Price\">$450<\/td>\r\n                                                                                                                                            <td data-column=\"Quantity\">                                    <div class=\"ticket-quantity\"><div class=\"inner-wrap\"><input type=\"button\" class=\"tickera_button minus\" value=\"-\" data-action=\"minus\" \/><input type=\"text\" inputmode=\"numeric\" pattern=\"[0-9]*\" class=\"tc_quantity_selector\" min=\"1\" max=\"9999\" value=\"1\"><input type=\"button\" class=\"tickera_button plus\" value=\"+\" data-action=\"plus\" \/><\/div><\/div>\r\n                                        <\/td>\r\n                                                                                                                                    <td data-column=\"Cart\"><form class=\"cart_form\"><input type=\"hidden\" id=\"nonce\" name=\"nonce\" value=\"85cb70d9e6\" \/><input type=\"hidden\" name=\"_wp_http_referer\" value=\"\/eventos\/wp-json\/wp\/v2\/pages\/5032\" \/><a href=\"#\" class=\"add_to_cart\" data-button-type=\"cart\" data-open-method=\"regular\" id=\"ticket_5028\"><span class=\"title\">Add to Cart<\/span><\/a><input type=\"hidden\" name=\"ticket_id\" class=\"ticket_id\" value=\"5028\" \/><\/form><\/td>\r\n                                            <\/tr>                                            <tr>\r\n                                                                                        <td data-column=\"Ticket Type\">Participante 1er. Congreso Internacional de Enfermer\u00eda<\/td>\r\n                                                                                        <td data-column=\"Price\">$250<\/td>\r\n                                                                                                                                            <td data-column=\"Quantity\">                                    <div class=\"ticket-quantity\"><div class=\"inner-wrap\"><input type=\"button\" class=\"tickera_button minus\" value=\"-\" data-action=\"minus\" \/><input type=\"text\" inputmode=\"numeric\" pattern=\"[0-9]*\" class=\"tc_quantity_selector\" min=\"1\" max=\"9999\" value=\"1\"><input type=\"button\" class=\"tickera_button plus\" value=\"+\" data-action=\"plus\" \/><\/div><\/div>\r\n                                        <\/td>\r\n                                                                                                                                    <td data-column=\"Cart\"><form class=\"cart_form\"><input type=\"hidden\" id=\"nonce\" name=\"nonce\" value=\"85cb70d9e6\" \/><input type=\"hidden\" name=\"_wp_http_referer\" value=\"\/eventos\/wp-json\/wp\/v2\/pages\/5032\" \/><a href=\"#\" class=\"add_to_cart\" data-button-type=\"cart\" data-open-method=\"regular\" id=\"ticket_5029\"><span class=\"title\">Add to Cart<\/span><\/a><input type=\"hidden\" name=\"ticket_id\" class=\"ticket_id\" value=\"5029\" \/><\/form><\/td>\r\n                                            <\/tr>                                            <tr>\r\n                                                                                        <td data-column=\"Ticket Type\">Taller BLS 1er. Congreso Internacional de Enfermer\u00eda<\/td>\r\n                                                                                        <td data-column=\"Price\">$200<\/td>\r\n                                                                                                                                            <td data-column=\"Quantity\">                                    <div class=\"ticket-quantity\"><div class=\"inner-wrap\"><input type=\"button\" class=\"tickera_button minus\" value=\"-\" data-action=\"minus\" \/><input type=\"text\" inputmode=\"numeric\" pattern=\"[0-9]*\" class=\"tc_quantity_selector\" min=\"1\" max=\"3\" value=\"1\"><input type=\"button\" class=\"tickera_button plus\" value=\"+\" data-action=\"plus\" \/><\/div><\/div>\r\n                                        <\/td>\r\n                                                                                                                                    <td data-column=\"Cart\"><form class=\"cart_form\"><input type=\"hidden\" id=\"nonce\" name=\"nonce\" value=\"85cb70d9e6\" \/><input type=\"hidden\" name=\"_wp_http_referer\" value=\"\/eventos\/wp-json\/wp\/v2\/pages\/5032\" \/><a href=\"#\" class=\"add_to_cart\" data-button-type=\"cart\" data-open-method=\"regular\" id=\"ticket_5030\"><span class=\"title\">Add to Cart<\/span><\/a><input type=\"hidden\" name=\"ticket_id\" class=\"ticket_id\" value=\"5030\" \/><\/form><\/td>\r\n                                            <\/tr>                                            <tr>\r\n                                                                                        <td data-column=\"Ticket Type\">Taller Control de Hemorragias, 1er. Congreso Internacional de Enfermer\u00eda<\/td>\r\n                                                                                        <td data-column=\"Price\">$200<\/td>\r\n                                                                                                                                            <td data-column=\"Quantity\"><\/td>\r\n                                                                                                                                    <td data-column=\"Cart\"><span class=\"tc_tickets_sold\">Tickets agotados<\/span><\/td>\r\n                                            <\/tr>                                <\/table>\r\n                            <\/div><!-- .tc-event-table-wrap -->\r\n                                            <\/div><!-- tickera -->\r\n                    <\/p>\t\t\t\t\t\t\t\t<\/div>\n\t\t\t\t<\/div>\n\t\t<div class=\"elementor-element elementor-element-082da05 e-con-full e-flex e-con e-child\" data-id=\"082da05\" data-element_type=\"container\" data-e-type=\"container\">\n\t\t\t\t<div class=\"elementor-element elementor-element-eed8a86 elementor-widget elementor-widget-heading\" data-id=\"eed8a86\" data-element_type=\"widget\" data-e-type=\"widget\" data-widget_type=\"heading.default\">\n\t\t\t\t<div class=\"elementor-widget-container\">\n\t\t\t\t\t<h2 class=\"elementor-heading-title elementor-size-default\">Instrucciones para registrar mi boleto<\/h2>\t\t\t\t<\/div>\n\t\t\t\t<\/div>\n\t\t\t\t<div class=\"elementor-element elementor-element-d29223d elementor-widget elementor-widget-video\" data-id=\"d29223d\" data-element_type=\"widget\" data-e-type=\"widget\" data-settings=\"{&quot;youtube_url&quot;:&quot;https:\\\/\\\/youtu.be\\\/6-e2FGb4GaU&quot;,&quot;video_type&quot;:&quot;youtube&quot;,&quot;controls&quot;:&quot;yes&quot;}\" data-widget_type=\"video.default\">\n\t\t\t\t<div class=\"elementor-widget-container\">\n\t\t\t\t\t\t\t<div class=\"elementor-wrapper elementor-open-inline\">\n\t\t\t<div class=\"elementor-video\"><\/div>\t\t<\/div>\n\t\t\t\t\t\t<\/div>\n\t\t\t\t<\/div>\n\t\t\t\t<div class=\"elementor-element elementor-element-55b71f4 elementor-widget elementor-widget-text-editor\" data-id=\"55b71f4\" data-element_type=\"widget\" data-e-type=\"widget\" data-widget_type=\"text-editor.default\">\n\t\t\t\t<div class=\"elementor-widget-container\">\n\t\t\t\t\t\t\t\t\t<ul><li>Selecciona la \u201cCantidad\u201d de boletos que deseas comprar.<br \/><br \/><\/li><li>Da click en la opci\u00f3n \u201cAgregar a Carrito\u201d.<br \/><br \/><\/li><li>Espera que la palabra cambie a \u201cCarrito\u201d.<br \/><br \/><\/li><li>\u00a0Cambiar\u00e1 a la p\u00e1gina de pago donde podr\u00e1s verificar el monto a pagar, aqu\u00ed mismo puede cambiar el n\u00famero de boletos ya sea aumentando o disminuyendo la cantidad indicada en el campo \u201cCantidad\u201d, tambi\u00e9n es el momento de hacer v\u00e1lido alg\u00fan c\u00f3digo de descuento ingres\u00e1ndolo (Si es que te asignaron uno, en caso contrario dejar en blanco ese campo) en el campo correspondiente.<br \/><br \/><\/li><li>Deber\u00e1s llenar ahora los campos que aparecen para los datos del comprador, es muy importante escribir correctamente el correo electr\u00f3nico pues ah\u00ed recibir\u00e1s tus boletos.<br \/><br \/><\/li><li>Despu\u00e9s deber\u00e1s ingresar los datos de los participantes si es la misma persona es necesario ingresar tus datos de nuevo en los campos indicados.<br \/><br \/><\/li><li>\u00a0Una vez llenados los formularios solo debes hacer click en el bot\u00f3n de proceder al pago.<br \/><br \/><\/li><li>Te aparecer\u00e1 una nueva venta donde seleccionaras el m\u00e9todo de pago de tu preferencia, despu\u00e9s de eso te aparecer\u00e1n las instrucciones o la plataforma de pago dependiendo el m\u00e9todo que elegiste.<br \/><br \/><\/li><li>Una vez completado el proceso de pago tus correos deber\u00e1n llegar al correo electr\u00f3nico que registraste, se recomienda revisar sus buzones de \u201cSpam\u201d o \u201cNo deseados\u201d<br \/><br \/><br \/><\/li><\/ul><div class=\"elementor-element elementor-element-1e46f3e elementor-widget elementor-widget-text-editor\" data-id=\"1e46f3e\" data-element_type=\"widget\" data-widget_type=\"text-editor.default\"><div class=\"elementor-widget-container\"><p>En caso de dudas o alg\u00fan problema puede contactarnos v\u00eda correo electr\u00f3nico a eventos@fmcomunicaciones.com o v\u00eda WhatsApp al <strong>6681 1028 95<\/strong><\/p><\/div><\/div>\t\t\t\t\t\t\t\t<\/div>\n\t\t\t\t<\/div>\n\t\t\t\t<\/div>\n\t\t\t\t\t<\/div>\n\t\t\t\t<\/div>\n\t\t<div class=\"elementor-element elementor-element-9194fb0 e-con-full e-flex e-con e-parent\" data-id=\"9194fb0\" data-element_type=\"container\" data-e-type=\"container\" data-settings=\"{&quot;background_background&quot;:&quot;classic&quot;}\">\n\t\t\t\t<div class=\"elementor-element elementor-element-67f4042 elementor-widget elementor-widget-image\" data-id=\"67f4042\" data-element_type=\"widget\" data-e-type=\"widget\" data-widget_type=\"image.default\">\n\t\t\t\t<div class=\"elementor-widget-container\">\n\t\t\t\t\t\t\t\t\t\t\t\t\t\t\t<img decoding=\"async\" width=\"663\" height=\"1024\" src=\"https:\/\/www.fmcomunicaciones.com\/eventos\/wp-content\/uploads\/2025\/11\/Poster.png\" class=\"attachment-large size-large wp-image-5209\" alt=\"\" srcset=\"https:\/\/www.fmcomunicaciones.com\/eventos\/wp-content\/uploads\/2025\/11\/Poster.png 663w, https:\/\/www.fmcomunicaciones.com\/eventos\/wp-content\/uploads\/2025\/11\/Poster-194x300.png 194w\" sizes=\"(max-width: 663px) 100vw, 663px\" \/>\t\t\t\t\t\t\t\t\t\t\t\t\t\t\t<\/div>\n\t\t\t\t<\/div>\n\t\t\t\t<div class=\"elementor-element elementor-element-630f0eb elementor-widget elementor-widget-image\" data-id=\"630f0eb\" data-element_type=\"widget\" data-e-type=\"widget\" data-widget_type=\"image.default\">\n\t\t\t\t<div class=\"elementor-widget-container\">\n\t\t\t\t\t\t\t\t\t\t\t\t\t\t\t<img decoding=\"async\" width=\"820\" height=\"544\" src=\"https:\/\/www.fmcomunicaciones.com\/eventos\/wp-content\/uploads\/2025\/11\/p_02.png\" class=\"attachment-full size-full wp-image-5182\" alt=\"\" srcset=\"https:\/\/www.fmcomunicaciones.com\/eventos\/wp-content\/uploads\/2025\/11\/p_02.png 820w, https:\/\/www.fmcomunicaciones.com\/eventos\/wp-content\/uploads\/2025\/11\/p_02-300x199.png 300w, https:\/\/www.fmcomunicaciones.com\/eventos\/wp-content\/uploads\/2025\/11\/p_02-768x510.png 768w\" sizes=\"(max-width: 820px) 100vw, 820px\" \/>\t\t\t\t\t\t\t\t\t\t\t\t\t\t\t<\/div>\n\t\t\t\t<\/div>\n\t\t\t\t<div class=\"elementor-element elementor-element-d2b31ea elementor-widget elementor-widget-image\" data-id=\"d2b31ea\" data-element_type=\"widget\" data-e-type=\"widget\" data-widget_type=\"image.default\">\n\t\t\t\t<div class=\"elementor-widget-container\">\n\t\t\t\t\t\t\t\t\t\t\t\t\t\t\t<img loading=\"lazy\" decoding=\"async\" width=\"800\" height=\"545\" src=\"https:\/\/www.fmcomunicaciones.com\/eventos\/wp-content\/uploads\/2025\/11\/p_03.png\" class=\"attachment-large size-large wp-image-5190\" alt=\"\" srcset=\"https:\/\/www.fmcomunicaciones.com\/eventos\/wp-content\/uploads\/2025\/11\/p_03.png 824w, https:\/\/www.fmcomunicaciones.com\/eventos\/wp-content\/uploads\/2025\/11\/p_03-300x204.png 300w, https:\/\/www.fmcomunicaciones.com\/eventos\/wp-content\/uploads\/2025\/11\/p_03-768x523.png 768w\" sizes=\"(max-width: 800px) 100vw, 800px\" \/>\t\t\t\t\t\t\t\t\t\t\t\t\t\t\t<\/div>\n\t\t\t\t<\/div>\n\t\t\t\t<div class=\"elementor-element elementor-element-c58257d elementor-widget elementor-widget-image\" data-id=\"c58257d\" data-element_type=\"widget\" data-e-type=\"widget\" data-widget_type=\"image.default\">\n\t\t\t\t<div class=\"elementor-widget-container\">\n\t\t\t\t\t\t\t\t\t\t\t\t\t\t\t<img loading=\"lazy\" decoding=\"async\" width=\"768\" height=\"917\" src=\"https:\/\/www.fmcomunicaciones.com\/eventos\/wp-content\/uploads\/2025\/11\/p_04-768x917.png\" class=\"attachment-medium_large size-medium_large wp-image-5185\" alt=\"\" srcset=\"https:\/\/www.fmcomunicaciones.com\/eventos\/wp-content\/uploads\/2025\/11\/p_04-768x917.png 768w, https:\/\/www.fmcomunicaciones.com\/eventos\/wp-content\/uploads\/2025\/11\/p_04-251x300.png 251w, https:\/\/www.fmcomunicaciones.com\/eventos\/wp-content\/uploads\/2025\/11\/p_04-858x1024.png 858w, https:\/\/www.fmcomunicaciones.com\/eventos\/wp-content\/uploads\/2025\/11\/p_04-1286x1536.png 1286w, https:\/\/www.fmcomunicaciones.com\/eventos\/wp-content\/uploads\/2025\/11\/p_04.png 1340w\" sizes=\"(max-width: 768px) 100vw, 768px\" \/>\t\t\t\t\t\t\t\t\t\t\t\t\t\t\t<\/div>\n\t\t\t\t<\/div>\n\t\t\t\t<div class=\"elementor-element elementor-element-3eea16a elementor-widget elementor-widget-image\" data-id=\"3eea16a\" data-element_type=\"widget\" data-e-type=\"widget\" data-widget_type=\"image.default\">\n\t\t\t\t<div class=\"elementor-widget-container\">\n\t\t\t\t\t\t\t\t\t\t\t\t\t\t\t<img loading=\"lazy\" decoding=\"async\" width=\"1101\" height=\"100\" src=\"https:\/\/www.fmcomunicaciones.com\/eventos\/wp-content\/uploads\/2025\/10\/logos.png\" class=\"attachment-full size-full wp-image-5076\" alt=\"\" srcset=\"https:\/\/www.fmcomunicaciones.com\/eventos\/wp-content\/uploads\/2025\/10\/logos.png 1101w, https:\/\/www.fmcomunicaciones.com\/eventos\/wp-content\/uploads\/2025\/10\/logos-300x27.png 300w, https:\/\/www.fmcomunicaciones.com\/eventos\/wp-content\/uploads\/2025\/10\/logos-1024x93.png 1024w, https:\/\/www.fmcomunicaciones.com\/eventos\/wp-content\/uploads\/2025\/10\/logos-768x70.png 768w\" sizes=\"(max-width: 1101px) 100vw, 1101px\" \/>\t\t\t\t\t\t\t\t\t\t\t\t\t\t\t<\/div>\n\t\t\t\t<\/div>\n\t\t\t\t<\/div>\n\t\t\t\t<\/div>\n\t\t","protected":false},"excerpt":{"rendered":"<p>Informes y ventas F\u00e9lix Gerardo Buichia Sombrabuichiasombraf@uas.edu.mx668 125 9610 Dr. Gregorio Cota Valenzuelagregoriocota@uas.edu.mx668 187 2628 REGISTRA TU BOLETO Instrucciones para registrar mi boleto https:\/\/youtu.be\/6-e2FGb4GaU Selecciona la \u201cCantidad\u201d de boletos que deseas comprar. Da click en la opci\u00f3n \u201cAgregar a Carrito\u201d. Espera que la palabra cambie a \u201cCarrito\u201d. \u00a0Cambiar\u00e1 a la p\u00e1gina de pago donde podr\u00e1s [&hellip;]<\/p>\n","protected":false},"author":1,"featured_media":0,"parent":0,"menu_order":0,"comment_status":"closed","ping_status":"closed","template":"elementor_canvas","meta":{"footnotes":""},"class_list":["post-5032","page","type-page","status-publish","hentry"],"_links":{"self":[{"href":"https:\/\/www.fmcomunicaciones.com\/eventos\/wp-json\/wp\/v2\/pages\/5032","targetHints":{"allow":["GET"]}}],"collection":[{"href":"https:\/\/www.fmcomunicaciones.com\/eventos\/wp-json\/wp\/v2\/pages"}],"about":[{"href":"https:\/\/www.fmcomunicaciones.com\/eventos\/wp-json\/wp\/v2\/types\/page"}],"author":[{"embeddable":true,"href":"https:\/\/www.fmcomunicaciones.com\/eventos\/wp-json\/wp\/v2\/users\/1"}],"replies":[{"embeddable":true,"href":"https:\/\/www.fmcomunicaciones.com\/eventos\/wp-json\/wp\/v2\/comments?post=5032"}],"version-history":[{"count":85,"href":"https:\/\/www.fmcomunicaciones.com\/eventos\/wp-json\/wp\/v2\/pages\/5032\/revisions"}],"predecessor-version":[{"id":5221,"href":"https:\/\/www.fmcomunicaciones.com\/eventos\/wp-json\/wp\/v2\/pages\/5032\/revisions\/5221"}],"wp:attachment":[{"href":"https:\/\/www.fmcomunicaciones.com\/eventos\/wp-json\/wp\/v2\/media?parent=5032"}],"curies":[{"name":"wp","href":"https:\/\/api.w.org\/{rel}","templated":true}]}}